(3).
13
Let t(b) = -b**2 + 9*b - 6. Calculate t(8).
2
Let s(z) = z**2 + 10*z + 23. Determine s(-4).
-1
Let g(p) = p - 15. Give g(7).
-8
Let n(y) = 2*y - 34. What is n(13)?
-8
Let z(p) = -4*p + 32. Give z(14).
-24
Let d(t) = -35*t - 22. Determine d(-1).
13
Let y(a) = 3*a**2 + 37*a + 1. Calculate y(-12).
-11
Let g(u) = u**3 + 9*u**2 + u + 10. Calculate g(-10).
-100
Let y(c) = -7*c**3 + 10*c**2 - 14*c + 3. Give y(1).
-8
Let j(d) = d**3 - 17*d**2 + 27*d + 50. Determine j(15).
5
Let g(f) = f**3 - 119*f - 15. Determine g(11).
7
Let x(r) = r**2 - 5*r - 146. What is x(15)?
4
Let o(u) = u**3 + u**2 - u + 50. What is o(0)?
50
Let i(k) = -k**2 + 2*k + 5. What is i(4)?
-3
Let p(s) = -6*s - 10. Calculate p(-9).
44
Let b(d) = d**3 + 13*d**2 - 14*d + 25. Determine b(-14).
25
Let m(n) = n**3 - 9*n**2 + 7*n - 3. What is m(8)?
-11
Let o(t) = -18*t + 2. What is o(-1)?
20
Let x(u) = u**3 + u**2 + 9. Give x(0).
9
Let s(v) = 3*v**3 + v**2 - 6*v. Determine s(-2).
-8
Let x(q) = -2*q**2 - 4*q + 4. Calculate x(3).
-26
Let p(x) = -16*x - 2. Determine p(4).
-66
Let p(h) = h**3 + 7*h**2 + 7*h + 58. What is p(-7)?
9
Let h(g) = 99*g - 19. Determine h(2).
179
Let r(t) = -45*t + 23. Give r(1).
-22
Let n(d) = -d**2 - 12*d - 34. Give n(-8).
-2
Let o(x) = x**2 + x - 2. What is o(7)?
54
Let d(f) = f**3 + 5*f**2 - 40*f - 180. Determine d(-7).
2
Let c(t) = -t**3 - 2*t**2 + 8*t + 3. Determine c(3).
-18
Let p(x) = 2*x - 21. Calculate p(9).
-3
Let p(u) = 24*u + 187. What is p(-7)?
19
Let l(v) = v**2 - 21*v + 23. Determine l(20).
3
Let t(b) = 2*b**2 + 17*b + 16. Determine t(-7).
-5
Let b(l) = l**2 + 8*l + 26. What is b(-11)?
59
Let c(x) = -25*x**2 + 1. Give c(-1).
-24
Let y(w) = -w**3 - 8*w**2 - 11*w + 2. Determine y(-5).
-18
Let u(q) = -q**2 - 12*q - 8. What is u(-11)?
3
Let u(w) = -w**2 + 11*w - 7. Determine u(6).
23
Let i(u) = 2*u**2 + 33*u + 22. Calculate i(-12).
-86
Let w(c) = -c**3 + 8*c**2 - 8. Determine w(8).
-8
Let o(t) = -t**2 + 20*t - 84. What is o(10)?
16
Let i(o) = -o - 24. Calculate i(-6).
-18
Let l(x) = x**2 + 7*x - 4. Calculate l(-5).
-14
Let f(v) = v**3 + 12*v**2 - 19*v - 2. Give f(-13).
76
Let s(p) = p**3 - 4*p**2 + p + 10. What is s(3)?
4
Let y(u) = -3*u - 28. Determine y(-11).
5
Let o(y) = 5*y**2 + 3*y - 21. Calculate o(4).
71
Let c(n) = -5*n**2 - 42*n - 12. What is c(-8)?
4
Let t(w) = w**3 - 5*w**2 - w + 6. What is t(5)?
1
Let b(n) = -4*n + 54. What is b(17)?
-14
Let w(r) = 15*r**2 - 9*r - 5. Determine w(-2).
73
Let l(h) = 5*h - 3. Calculate l(1).
2
Let f(q) = 13*q. Calculate f(-3).
-39
Let y(x) = 4*x**2 - 3*x + 6. Determine y(3).
33
Let o(l) = -2*l + 38. What is o(-10)?
58
Let o(q) = -q + 23. Determine o(25).
-2
Let o(b) = 8*b + 53. Calculate o(-6).
5
Let z(o) = o**3 - 9*o**2 - 5*o + 21. What is z(10)?
71
Let l(u) = -u**2 + 2*u. Determine l(4).
-8
Let o(n) = n. Determine o(0).
0
Let p(j) = -j**2 - 13*j - 25. What is p(-10)?
5
Let o(l) = -32*l + 155. What is o(7)?
-69
Let s(n) = 2*n**3 + 17*n**2 - 8*n + 13. Give s(-9).
4
Let f(g) = -6*g - 218. Calculate f(-37).
4
Let t(u) = -u**2 - 10*u + 25. Calculate t(-12).
1
Let g(s) = 3*s - 9. Give g(4).
3
Let y(t) = -t**2 + 53*t - 45. What is y(52)?
7
Let c(p) = p**3 + 12*p**2 + 14*p - 41. Give c(-10).
19
Let q(t) = t**3 + 7*t**2 + 4*t - 16. What is q(-6)?
-4
Let k(f) = 8*f**3 + f**2 + 8*f + 1. Give k(-2).
-75
Let g(j) = 3*j**3 - 4*j + 3. Calculate g(2).
19
Let q(f) = -6*f + 22. What is q(16)?
-74
Let p(o) = o**3 + 5*o**2 - 8*o - 9. Give p(-6).
3
Let z(t) = 2*t**2 - 10*t + 9. Calculate z(7).
37
Let o(x) = -x**3 - 11*x**2 - 17*x - 18. Calculate o(-9).
-27
Let i(b) = b**3 + 4*b**2 - 2*b + 6. Give i(-5).
-9
Let a(m) = m**2 + 11*m + 8. Give a(-11).
8
Let z(o) = -6*o - 36. What is z(-3)?
-18
Let i(a) = 2*a**3 - 2*a**2 - 5*a + 3. Determine i(-3).
-54
Let y(v) = 15*v**3 - 6*v**2 + 2*v + 5. Give y(-1).
-18
Let u(i) = i**3 - 14*i**2 + 12*i + 19. Determine u(13).
6
Let r(v) = -2*v**3 + 28*v**2 - 26*v - 22. Determine r(13).
-22
Let t(b) = 4*b**2 - 62*b - 34. Calculate t(16).
-2
Let w(u) = 2*u**2 + 10*u - 13. Determine w(-5).
-13
Let d(r) = -r**3 + 6*r**2 - r - 7. What is d(6)?
-13
Let h(x) = x**3 + 5*x**2 + 2*x + 2. Give h(-5).
-8
Let c(y) = 22*y - 15. Determine c(4).
73
Let m(h) = -h**2 - 5*h + 3. Give m(-4).
7
Let v(c) = -8*c + 2. Give v(-3).
26
Let b(i) = -i**3 + 7*i**2 - 8*i. What is b(3)?
12
Let h(y) = -90*y**2 + 356*y + 6. Determine h(4).
-10
Let q(u) = u**2 + 25*u + 62. Determine q(-3).
-4
Let l(x) = -7*x + 5. Calculate l(2).
-9
Let n(h) = h**2 - 9*h + 5. Give n(7).
-9
Let b(c) = -11*c + 4. What is b(-2)?
26
Let a(f) = -f**2 - 18*f - 17. Determine a(-17).
0
Let t(h) = h**3 - 5*h**2 + h + 8. Calculate t(4).
-4
Let k(r) = 2*r**2 - 11*r - 47. Determine k(8).
-7
Let g(p) = -p**3 - 3*p**2 + 4*p + 8. Determine g(-3).
-4
Let d(i) = i**2 + 21*i + 76. Give d(-4).
8
Let y(o) = 19*o**2 - o. Give y(-1).
20
Let o(r) = -r**3 - 10*r**2 + 7*r - 6. Determine o(-11).
38
Let w(s) = 3*s**2 + 9*s - 15. What is w(-3)?
-15
Let h(y) = y**3 - 10*y**2 + 10*y - 1. What is h(9)?
8
Let v(y) = -y**2 - 49*y + 62. What is v(-50)?
12
Let c(m) = m**2 + 7*m - 3. What is c(-9)?
15
Let d(x) = -x**2 + 3*x + 10. Calculate d(9).
-44
Let g(n) = 2*n**2 + 11*n - 7. Determine g(-6).
-1
Let d(w) = w**2 - 13*w + 31. Give d(6).
-11
Let l(m) = m**2 + 2*m + 1. Calculate l(-4).
9
Let q(b) = b**3 - 7*b**2 - 8*b + 9. What is q(8)?
9
Let c(j) = -9*j**2 - j + 7. Calculate c(3).
-77
Let n(d) = -d**2 + 4*d + 12. Calculate n(5).
7
Let l(h) = -h**2 - 17*h + 82. Determine l(-20).
22
Let b(h) = -30*h - 1. Give b(-1).
29
Let m(z) = -z**2 + 28*z + 282. What is m(-8)?
-6
Let y(q) = -q**3 + 18*q**2 + 17*q + 18. Give y(19).
-20
Let m(w) = 6*w**2 + 90*w - 83. Calculate m(-16).
13
Let z(y) = 3*y**2 - 2*y - 1. Determine z(-1).
4
Let b(w) = -w**2 - 13*w + 19. What is b(-15)?
-11
Let z(f) = f**3 - 6*f**2 - 18*f - 7. Determine z(8).
-23
Let q(w) = w**2 - 13*w + 21. What is q(0)?
21
Let i(h) = -h - 11. What is i(-12)?
1
Let y(z) = 2*z**2 + 2*z - 32. Give y(-8).
80
Let t(m) = -2*m**3 + 7*m**2 + 4. What is t(5)?
-71
Let m(w) = -14*w + 5. Determine m(2).
-23
Let c(z) = z**2 - 13*z + 3. What is c(13)?
3
Let m(q) = 2*q + 31. Determine m(-13).
5
Let m(o) = 2*o**2 + 7*o - 58. Give m(4).
2
Let x(d) = -37*d + 154. What is x(4)?
6
Let b(w) = w**3 + 6*w**2 + 3*w + 1. Give b(-5).
11
Let w(x) = 13*x**2 + 9*x - 10. Determine w(1).
12
Let r(u) = -u**3 - 27*u**2 - 53*u - 92. Determine r(-25).
-17
Let f(q) = -q**2 - 9*q. Determine f(-7).
14
Let r(z) = -z**3 - 15*z**2 - 15*z + 18. Calculate r(-14).
32
Let o(n) = -2*n - 31. Calculate o(-13).
-5
Let h(a) = -a**3 - 41*a**2 - 262*a + 72. Calculate h(-33).
6
Let c(b) = b**3 + b**2 + 13*b - 27. Determine c(2).
11
Let m(j) = -j**3 - 6*j**2 + 4*j - 1. What is m(-6)?
-25
Let s(j) = 2*j**2 + 2*j - 1. Calculate s(2).
11
Let s(n) = n**2 - 3*n - 54. Determine s(10).
16
Let n(b) = -14*b - 5. Give n(-4).
51
Let f(l) = 3*l**2 + l - 8. Determine f(2).
6
Let i(q) = q**2 + 11*q + 2. Give i(-11).
2
Let q(z) = z + 29. Give q(-11).
18
Let a(w) = -3*w + 9. Calculate a(7).
-12
Let n(w) = -6*w**2. Calculate n(-1).
-6
Let n(v) = -v**2 + 10*v - 5. Give n(11).
-16
Let r(n) = n**3 + 29*n**2 + 27*n - 33. What is r(-28)?
-5
Let l(q) = 2*q - 41. Give l(0).
-41
Let q(w) = w**3 + 7*w**2 + 10*w - 1. Determine q(-5).
-1
Let a(v) = -v**3 - 6*v**2 - 2*v + 11. Calculate a(-5).
-4
Let f(x) = -x**3 + 11*x**2 - 9*x - 10. Calculate f(10).
0
Let p(o) = o**2 + 12*o + 16. What is p(-12)?
16
Let a(n) = -23*n + 2. Calculate a(2).
-44
Let u(g) = g - 3. What is u(2)?
-1
Let g(v) = 2*v**2 + 65*v + 32. Give g(-32).
0
Let s(r) = -r**3 + 8*r**2 - 7*r + 9. What is s(7)?
9
Let a(p) = p**2 + 3*p + 2. What is a(-2)?
0
Let l(u) = -4*u + 79. What is l(19)?
3
Let d(f) = -10*f + 32. Give d(4).
-8
Let w(j) = j**3 - 3*j**2 - 18*j - 4. What is w(-3)?
-4
Let x(u) = 3*u**2 + 13*u - 41. Give x(-7).
15
Let s(v) = v**3 + 2*v**2 - 3*v - 1. What is s(-3)?
-1
Let f(b) = 2*b**3 - 8*b**2 - 3*b - 1. Determine f(4).
-13
Let z(c) = -62*c + 376. Calculate z(6).
4
Let z(m) = m**2 + 12*m - 6. Give z(-14).
22
Let z(q) = q**2 - 4*q - 25. Determine z(-5).
20
Let m(s) = -s**3 - 12*s**2 + 9*s + 9. Calculate m(-13).
61
Let a(p) = -p**3 - 27*p**2 + 15. What is a(-27)?
15
Let q(a) = -2*a**2 + 9*a + 7. Determine q(5).
2
Let l(y) = y**2 - 10*y - 9. Giv